 - 9*t(d). Give j(o).
-1
Let l be 1 + 0/(-2) + (2 - -1). Suppose -42 = -2*q - l*a, 2*q = 5*q + a - 48. Let d(c) = 9 + 14*c - q*c + 7. What is d(11)?
5
Let f(k) = -k**2 - 3*k - 2. Suppose -6448*t + 6441*t - 49 = 0. Calculate f(t).
-30
Let x(d) = -174*d + 1740. Let o be x(10). Let n(s) be the third derivative of o + 1/24*s**4 + 0*s + 2/3*s**3 - 17*s**2. Determine n(-6).
-2
Let x(u) = -u**2 + u - 10. Let c = -95 - -62. Let a = c - -33. Determine x(a).
-10
Let v(n) be the first derivative of -2*n**3/3 + 37*n**2/2 - 17*n - 232. Give v(18).
1
Let v(h) = -3 - h + 0 - 2 + 10. Let o(k) = 6*k - 1. Let p be o(6). Suppose -7*c = -3*c - 3*m - p, 5 = 2*c + m. Give v(c).
0
Let f(h) be the third derivative of h**6/120 + h**5/30 - 3*h**4/8 + 8*h**3/3 - 3*h**2 + 2167*h. Give f(3).
34
Let o(y) = -6*y**2 - 5*y + 47. Let z(n) = -7*n**2 - 6*n + 54. Let q(f) = 8*o(f) - 7*z(f). What is q(6)?
46
Let z(x) = 8*x**2 - 5*x - 8. Let b be z(-1). Let y(a) = -a + 24*a**2 - 25*a**2 + 5*a - 3. Give y(b).
-8
Let j(x) be the third derivative of x**6/60 - x**5/60 - x**4/8 + x**3/3 - 13*x**2 + 2*x. Let y be j(1). Let m(r) = r + 2. Determine m(y).
2
Let s(g) = -7*g**2 + 47*g + 1368 + 0*g**2 - 2692 - g**3 + 1351. Determine s(-11).
-6
Let p(i) be the second derivative of i**4/12 - 5*i**3/6 + 13*i**2 + 2*i + 1881. Calculate p(3).
20
Let h(g) = -g**2 - 3*g + 7. Let w = -131 + 135. Give h(w).
-21
Suppose -21*g = -9*g - 2160. Suppose 0 = p + i - 40, -4*p = p + i - g. Suppose -p = -5*r + 5*d, -8 = 7*r - 3*r + 5*d. Let w(n) = n**2 - 2*n + 1. Determine w(r).
4
Let d(a) = 34*a + 21 + 7 - 2 - 4. Let h(v) = 2*v + 1. Let x(y) = 2*d(y) - 36*h(y). Calculate x(-8).
40
Let b(m) = -468 + 34*m - 59 + 222 - 10*m. Determine b(13).
7
Let d(b) = -6*b - 272. Let z be d(-46). Let l(c) = c**3 + 0*c - c**3 + 3*c**3 - z*c**2 - 2*c**3 - 2*c. Suppose -3 = -3*q + 9. Determine l(q).
-8
Let l(n) = 2*n**2 - 3*n - 6. Let d(a) = 5*a**2 - 11*a - 6. Let i(t) = -3*t**2 + 7*t + 4. Let r(v) = 5*d(v) + 8*i(v). Let q(y) = -l(y) - 2*r(y). Determine q(2).
-12
Let x = -186 + 195. Let d(f) be the first derivative of -5*f**2/2 - 3*f - 372. What is d(x)?
-48
Let m be 570/5 - 2/(0 - 1). Let v(f) = 5*f**2 + 109*f + m*f - 224*f - f**3 - 11. Let x be v(5). Let y(h) = -h - 13. Give y(x).
-7
Suppose 3 = 3*a - 3. Let t(l) = -2736 + 8474*l**2 + 2737 - l**3 - 8472*l**2. Calculate t(a).
1
Let a(j) = -5433 + j**2 + j + 5356 + 0*j**2. Determine a(-9).
-5
Let c(h) = 116824*h + 116825*h - 7 - 233647*h. Calculate c(5).
3
Let l(z) = -5*z - 51. Let i(g) = 22*g**3 - 135*g**2 + 18*g - 11. Let x be i(6). What is l(x)?
4
Let h(u) be the first derivative of u**3/3 + u**2 - 14*u + 1956. What is h(-4)?
-6
Let f(w) = -w**2 + 8*w + 22. Suppose -4*x = 4*t - 20, 34*t - 32*t + 12 = 0. Give f(x).
-11
Let c(d) = d**3 - 11*d**2 - 42*d - 2. Let y(o) = -o**3 + 11*o**2 + 42*o + 3. Let z(n) = 3*c(n) + 2*y(n). Determine z(14).
0
Let v(x) = 2*x**2 + 17*x + 20. Suppose -2*k - 16 = 5*a, -a + 51 = -k + 50. Calculate v(k).
-13
Let z be 9 + ((-30)/60)/(-3 + (-705)/(-230)). Let y(l) be the first derivative of 1/4*l**4 + l**2 + 50 - 2*l + z*l**3. Give y(-2).
2
Let l(y) = 12*y**2 - 1. Suppose 2*w = 3*x - 61, -2*x - 3*w - 25 = -3*x. Suppose -4*q = -3*t + x, 0*q + 4 = -q. Give l(t).
11
Suppose 5*i - 2*i = 4*o - 42, -2*i = -3*o + 31. Let r(h) = 5*h + 25. Let m(k) = -48*k - 224. Let t(a) = -3*m(a) - 28*r(a). Give t(o).
8
Let j(d) be the second derivative of d**5/20 + 5*d**4/12 + 5*d**3/3 + 5*d**2/2 + 980*d. Give j(-2).
-3
Let g = -7 + 13. Let u(d) = d. Let x(r) = 4*r - 2. Let z(b) = 3*b - 3. Let o(h) = -4*x(h) + 3*z(h). Let j(m) = g*u(m) + o(m). Calculate j(-7).
6
Let s(r) be the second derivative of -r**4/6 + r**3/3 + r**2 - 87*r. Let n(p) = p**2 + 19*p + 2. Let o be n(-19). Determine s(o).
-2
Suppose s + 3*z = -8, 2*s - 16 = 8*z - 6*z. Let f(x) = 1 + 0 - 2*x**2 + x**2 - 2 + 3*x. Determine f(s).
-5
Let q(z) = z**3 - 7*z**2 + 6*z - 8. Let b(m) = 1428*m - 2850. Let i be b(2). Suppose 4*t = 8*t - 24. Suppose 7*p = t*p + i. What is q(p)?
-8
Let k(i) = -i**2 + 225*i - 106*i - 115*i + 0*i**2 - 15. What is k(7)?
-36
Let v(m) = m**2 + 58*m + 271. Let o be 268242/(-5068) - -1*1/(-14). Give v(o).
6
Let k(v) be the second derivative of -1/3*v**3 - 62*v + 0 + 0*v**2. Determine k(1).
-2
Let j(m) = -m**3 + 11*m**2 - 13*m + 35. Let r be j(10). Let z(x) = 7 + r - 2*x - 17 + 3*x. Let i(a) = -a + 2. Let q be i(-6). Give z(q).
3
Let g(u) = u**2 - 4 - u - 3 + 2. Let z be (32/(3808/(-85)))/((-4)/28). Determine g(z).
15
Let x(c) = 3*c**3 + 7*c**2 + 2*c. Let d(g) = -16*g**3 - 33*g**2 - 9*g - 2. Let q(h) = -2*d(h) - 11*x(h). What is q(-11)?
48
Suppose 0 = -0*s - 9*s + 27. Suppose -4*r + 25 = 5*a - s*r, -r = -2*a + 10. Let i(z) = -z**2 + 3*z + 7. What is i(a)?
-3
Let x(t) = t**3 - t**2 + t + 2. Let v(g) = -15*g**2 + 6*g + 3*g - 4*g**3 - 14 + g**3 - 4*g + 11*g**2. Let z(q) = v(q) + 4*x(q). Calculate z(6).
-24
Let w(g) = g - 16*g - 29658*g**2 + 29657*g**2 + 1 + 3*g. What is w(-12)?
1
Let x(m) = 14*m + 103. Let z(u) = 13*u + 72. Let o(n) = 38*n + 215. Let p(r) = -4*o(r) + 11*z(r). Let y(c) = -8*p(c) - 5*x(c). Determine y(-12).
5
Let n(i) be the third derivative of -i**4/6 + 7*i**3/6 - 69*i**2 + 10*i. Calculate n(4).
-9
Let r(p) = 495244 - 35*p - 990308 + 495284. Calculate r(6).
10
Let w(s) be the first derivative of -81 + s + 17/2*s**2. What is w(-3)?
-50
Let y(s) be the second derivative of s**3/6 - 7*s**2/2 + 7*s. Let h be -3 + (-140)/(-12) - 1/(-3). What is y(h)?
2
Let f(o) = 6*o**2 - 4*o - 12. Let q(a) = -a**2 - 2*a + 1. Let w(u) = -f(u) - 3*q(u). Calculate w(4).
1
Let p be 12/3*(-7)/4. Let n(v) = 2 + 10380*v**2 - 1 - 10379*v**2 + 6*v - 2. What is n(p)?
6
Let t(z) = 5*z**3 - z**2 + z - 17. Let g(w) = -6*w**3 + w**2 - w + 18. Let m(x) = -6*g(x) - 7*t(x). Let u be 60/27 + -2 + (-14)/63. What is m(u)?
11
Let i(f) = 113*f + 73. Let m(j) = -71*j - 48. Let h(u) = -5*i(u) - 8*m(u). What is h(-6)?
1
Let o(v) = -v**2 - 47*v - 203. Let h = -5514 - -5472. Determine o(h).
7
Let t(f) be the third derivative of f**5/30 + 595*f**2. Give t(-3).
18
Let c be (-5 - (-33)/6)*(-12)/(-3). Let u(t) = -7 + t + t**3 + 42*t**2 + 12 - 34*t**c. What is u(-8)?
-3
Let z(x) be the first derivative of -2*x**2 + x + 1716. Determine z(-6).
25
Let f(u) = u**2 + 77*u - 1863. Let y be f(19). Let o(m) = -m**3 - 37*m**2 + 78*m + 3. Give o(y).
3
Let p(w) = 92*w + 5. Let v(r) = 35*r + 1. Let z(h) = -p(h) + 3*v(h). Calculate z(1).
11
Let v(p) = -655720*p**3 + 14*p + 12 - 2*p**2 - 12*p**2 + 655721*p**3. Determine v(13).
25
Let m(w) = w - 2. Let s(v) = 3*v**2 + 3*v - 11. Let l(g) = 5*m(g) - s(g). Let k(x) = -x**2 + 2*x + 6. Let p be k(3). Give l(p).
-20
Suppose 0 = -4*u - 2072 + 500. Let o = 394 + u. Let j(h) = -6*h**3 + h**2 - h. What is j(o)?
-6
Let d = -383 + 368. Let z be (32/80)/(3/(-5))*d. Let o(x) = x**2 - 10*x + 9. Determine o(z).
9
Let v(c) be the third derivative of -c**7/5040 + c**6/720 - 53*c**5/60 + 13*c**2. Let o(x) be the third derivative of v(x). Determine o(-7).
8
Let u(m) = -4*m - 4. Suppose -52*y + 98*y = -184. Give u(y).
12
Let f(n) = 16*n + 2. Let v(x) = -2*x - 5. Let a(k) = f(k) + 6*v(k). What is a(11)?
16
Suppose 0 = 15*d - 127 + 97. Let u(p) = 12*p + 2 - 3 - p**d - 5*p + p - 8. What is u(6)?
3
Let g(p) be the second derivative of -p**4/12 - 7*p**3/3 - 34*p**2 + 78*p. Let r(d) be the first derivative of g(d). Give r(-6).
-2
Let r(i) be the third derivative of -5*i**4/24 + 4*i**3/3 - 257*i**2 - 4. Calculate r(-5).
33
Let z(l) = 10*l - 2. Suppose -t = -28*j + 33*j - 5, 2 = 2*j. Give z(t).
-2
Suppose -75 + 59 = -4*k. Let f be 1/k*(-60)/(-5). Let r(p) = p**3 - 4*p**2 + 3*p + 2. What is r(f)?
2
Let g = -6 + 15. Suppose -t + g = 2*b - 5*b, b + 3*t = -3. Let h be -7 - (1 - (0 - b)). Let v(n) = -n**2 - 9*n. Give v(h).
20
Let b(z) be the second derivative of 11*z**4/12 - 7*z**3/3 - 5*z**2/2 - 11668*z. Determine b(3).
52
Let t(z) = z - 6. Let s(h) = h - 1. Let x(y) = 2*s(y) - t(y). Suppose 3*b - g - 2*g = 12, -5*g + 28 = b. Calculate x(b).
12
Let l(q) = q**2 + 18*q + 14. Let c = 1053 + -1070. Calculate l(c).
-3
Let y = -61089 - -61077. Let m(j) = 2*j - 11. Let v(r) = 3*r - 23. Let f(w) = -5*m(w) + 3*v(w). Determine f(y).
-2
Suppose p = i - 5*i - 15, 0 = 3*i + 5*p + 7. Let m(v) be the second derivative of 5*v**3/6 + v**2 + 293*v